he remainder when 27 is divided by k?
12
Let x = -44 + 107. Calculate the remainder when x is divided by 13.
11
Let r = 185 + -178. Calculate the remainder when 89 is divided by r.
5
Let q(x) = -4*x**3 + x**2 + 4*x. Calculate the remainder when q(-2) is divided by 10.
8
Let b be (2 - 0) + (-7 - 2). Let w = 13 + b. Calculate the remainder when 11 is divided by w.
5
Suppose 0 = -6*w + 33 - 3. Calculate the remainder when 12 is divided by w.
2
What is the remainder when 22 is divided by 3*8/(-6) + 16?
10
Let t(w) = -w**2 - 9*w + 9. What is the remainder when t(-7) is divided by -1 + (-2 + 11)*1?
7
What is the remainder when 47 is divided by (-37)/(-2) - 30/20?
13
Let k = 169 + -119. Let q = -1 + k. What is the remainder when q is divided by 242/14 - (-2)/(-7)?
15
Let f be 12/(-18)*120/(-1). Let y = 145 - f. What is the remainder when y is divided by 17?
14
Let f = -18 + 46. Calculate the remainder when 82 is divided by f.
26
Let t = 7 + 11. Suppose -6*b + 3*b = -30. Calculate the remainder when t is divided by b.
8
Let j(f) = f**3 + 6*f**2 - 3*f + 3. What is the remainder when 60 is divided by j(-6)?
18
Suppose 0 = -z + 2*z - 24. Let p = 2 - 0. Suppose 0*m + 26 = p*m. What is the remainder when z is divided by m?
11
Suppose -i = -4*z, 4 - 1 = i - z. Calculate the remainder when 10 is divided by i.
2
Let p be 2/(-4)*0/(-3). Suppose 3*o + p*o - 9 = 0. What is the remainder when 4 is divided by o?
1
Let k = -7 - -19. Suppose 0 = 5*a - 5*r - 105, 33 = 3*a + 3*r - 30. Calculate the remainder when a is divided by k.
9
Let w = -14 - -30. Let n = w + 61. Let g = n + -55. Calculate the remainder when g is divided by 6.
4
Let o = 77 + -47. What is the remainder when o is divided by 8?
6
Suppose 2*r - p = 11, 4*r + 3*p - 24 = 13. Suppose -3*y + d + 34 = 0, 2*y = 4*y + 3*d - 41. What is the remainder when y is divided by r?
6
Suppose b = -2*c + 153, 3*c - 5*b - 129 - 120 = 0. Suppose -d = -30 + 10. What is the remainder when c is divided by d?
18
Let s(k) be the third derivative of -k**5/60 - k**4/3 + k**3/3 + 3*k**2. What is the remainder when 15 is divided by s(-7)?
6
Suppose -5*j - 2*m + 171 = 0, 0 = 3*j + 5*m - 148 + 34. What is the remainder when j is divided by 9?
6
Let o be 2*(-1)/2 - -8. Suppose -g + o = -7. Let l = 34 - -7. Calculate the remainder when l is divided by g.
13
Calculate the remainder when 43 is divided by 11*7/((-28)/(-8)).
21
Let w = 55 - 3. Let b = -11 + w. What is the remainder when b is divided by 11?
8
Suppose -3*x + 0*x - u - 12 = 0, -2*x = -2*u. Let h(t) = t**2 + 2*t - 1. What is the remainder when h(x) is divided by 1?
0
Suppose -4*f + 69 + 146 = 5*y, 5*y - 225 = -2*f. Calculate the remainder when 139 is divided by y.
45
Let i(y) = 11*y + 6. Suppose 2*b + 2*p = 44, -b + 3*p = -13 - 5. Calculate the remainder when i(5) is divided by b.
19
Suppose 3*x - 372 = -3*r + r, 4*x + r - 496 = 0. Suppose -3*q + x = q. What is the remainder when q is divided by 16?
15
Suppose 2*z + 4*k - 25 = -7, 1 = z - 2*k. Suppose 6 = 4*g - g. Suppose 2*x + 0*x = 4, z*x = 2*d + g. What is the remainder when 7 is divided by d?
3
Let d(b) = 15*b - 1. What is the remainder when 23 is divided by d(1)?
9
Let u(n) = 3*n**2 + 18*n + 7. What is the remainder when 31 is divided by u(-6)?
3
Let c = 5 + -2. Let f = 4 - c. Calculate the remainder when f is divided by 1.
0
Let q = 94 - 34. Suppose 2*d - 5*r - 44 = -d, -5*d + 5*r = -q. Suppose 0 = -4*l + 2*l + 6. What is the remainder when d is divided by l?
2
Let g = 4 + -2. Let w be 3/((-2)/g - -2). Let i(q) = q**3 + 2*q**2 + 2*q - 1. What is the remainder when i(w) is divided by 17?
16
Suppose -4*r = -5*h - 11, -15 = -3*r + h + 7. Suppose -c + r = -4. Let f = 22 + c. Calculate the remainder when f is divided by 18.
17
Let r = 26 - 15. Suppose 4*s - k - 2*k = 78, 0 = -5*s - 5*k + 115. What is the remainder when s is divided by r?
10
Suppose 6*q = 4*q + 26. Suppose 0 = a + 2*a + 3*x - 114, -5*a + 4*x + 181 = 0. Calculate the remainder when a is divided by q.
11
Let b = 1 - 0. Calculate the remainder when 1 is divided by b.
0
Let l(q) = -q**2 - 6*q - 2. Let p = 11 - 4. What is the remainder when p is divided by l(-5)?
1
Suppose 6*h + 5*x - 20 = 3*h, 5*x - 20 = 2*h. Suppose -3*w + h*w = 0. Suppose w = -z + 2*z - 25. What is the remainder when z is divided by 13?
12
Suppose 2*r = -4*t + 98, -89 = -5*r + t + 145. Suppose 1 = 3*b - 59. Suppose -g + b - 2 = f, -g + 4*f = -8. Calculate the remainder when r is divided by g.
15
Suppose j + 8 = 2*j. What is the remainder when j is divided by 0/(3 + -2) - -5?
3
Let y be (12/10)/(10/(-25)). Let g(m) = 2*m**2 + 4. What is the remainder when g(y) is divided by 8?
6
Let k = -6 + 12. Let o = 8 - 19. Let n = 15 + o. Calculate the remainder when k is divided by n.
2
Suppose -i - 5 = -5*o - 6*i, 5*o = -i - 11. Let l = 0 - o. Suppose 0 = p - 2, -4*p + 0*p = -2*d + 8. What is the remainder when d is divided by l?
2
Calculate the remainder when -109*(-1)/(3 + -2) is divided by 28.
25
Suppose -3*w = -4*x + 99, 0*x = 2*x - 3*w - 45. Let n(s) = -s**3 + 11*s**2 - 11*s - 11. What is the remainder when n(9) is divided by x?
25
Suppose -4*r + 2*u + 36 = 0, 5 = 4*u - 11. Calculate the remainder when r is divided by 6.
5
Let y(h) = h**3 + 3*h**2 + h - 2. Let x be y(-2). Suppose -2*s + 32 + 94 = x. What is the remainder when s is divided by 22?
19
Suppose 4*p + 12 = 0, 0*d - d + 4*p = -57. What is the remainder when d is divided by 4/((-39)/(-12) + -3)?
13
Suppose a = w + 3*w - 17, 5*w + a - 10 = 0. What is the remainder when 15 is divided by w?
0
Let v = -22 - -25. Suppose u - 26 = -2*t, 0*t + 33 = 3*u - v*t. What is the remainder when 44 is divided by u?
12
Suppose 3*o - 5*w - 17 = 0, 0 = -5*o - 4*w - 0*w + 16. What is the remainder when 5 is divided by o?
1
Let h = -95 + 174. Calculate the remainder when h is divided by 10.
9
Let j(f) = -3*f**2 - 24*f - 3. What is the remainder when 53 is divided by j(-7)?
17
Let z(r) = 5*r**2 - 2*r - 4. Let l be z(3). Suppose 0*o + l = o. What is the remainder when o is divided by 19?
16
Suppose -2*d + 5 = 3*o, 0*o = -3*o - 3*d + 6. Suppose 5 + o = 2*s. Let a(m) = -m**2 + 7*m + 5. What is the remainder when a(7) is divided by s?
2
Let h(y) = y**3 - 9*y**2 + 3*y - 4. Let k = -5 + 14. What is the remainder when h(k) is divided by 8?
7
Suppose -t + 3*i + 4 = 0, 4*t - 4*i = 9*t - 77. Let c = -49 - -57. Calculate the remainder when t is divided by c.
5
Let m = -29 - -44. Suppose -4*z = -4*d - 224, 0 = 2*z - z - 3. Let o = 81 + d. Calculate the remainder when o is divided by m.
13
Let n(v) = -v**3 + 5*v**2 - 3*v - 1. Let s be n(4). Let y be 3/(-5)*s*-5. Calculate the remainder when 38 is divided by (-368)/(-36) + (-2)/y.
8
Suppose 10*w = 13*w - 186. Calculate the remainder when w is divided by 4.
2
Suppose -3*a + a + 10 = 0. Suppose -95 = -5*u - 5*h, 5*u + 3*h - 38 = 3*u. What is the remainder when u is divided by a?
4
Let p(g) = -g**2 + 10*g - 10. Suppose 0 = 6*s - s + 10, 4*l + 6 = 3*s. Let z(b) = b**3 + 8*b**2 + 3*b - 4. Calculate the remainder when z(l) is divided by p(7).
10
Let o(d) = 9*d + 6*d + 2 - 6*d. What is the remainder when o(1) is divided by 6?
5
Let n be 1*3/(3/2). Suppose -5*s + 41 + 39 = 0. Calculate the remainder when -1 + 1 + 49 - n is divided by s.
15
Suppose 3*d - 28 = -4*d. Calculate the remainder when d is divided by 2.
0
Suppose 9 = 3*y - 3. Suppose -g = 5*z + 14, 2*z = -4*g + y + 12. What is the remainder when 10 is divided by g?
4
Suppose 4*o + 2*w = 246, 5*o + 4*w + 0*w - 312 = 0. What is the remainder when o is divided by 21?
18
Suppose x + f - 4*f - 15 = 0, 25 = 3*x - 4*f. Suppose 5*r - 10 = 0, -x*a = -r - 0*r - 16. What is the remainder when a is divided by 2?
0
Let v = 18 - -26. What is the remainder when v is divided by 12?
8
Suppose 0 = -2*n + 2, -3*p - 3*n + 8*n = -52. What is the remainder when p is divided by (-1 - 1*-7) + 1?
5
Suppose 3*k - 32 = -149. Suppose 0 = -5*q - 5*x + 5, -x = -q + 3*x + 1. Calculate the remainder when 37 is divided by k/(-6)*q*2.
11
Let r(z) = z**3 + 5*z**2 + 5*z + 3. Let g be r(-4). What is the remainder when 20 is divided by 4 + 4 + 1*g?
6
Let n(f) = f**3 - 6*f**2 + 2. Calculate the remainder when 6 is divided by n(6).
0
Let p be (-1)/(-3)*(-4 + 10). What is the remainder when 54 is divided by p*2